
Let a(g) = -g**3 - 18*g**2 + 67*g - 412. What is the thousands digit of a(-35)?
8
Let o(n) = 76*n - 2. Let a be o(4). Suppose 3*l - l + 4 = 5*c, 2*c + l - 7 = 0. Suppose 131 = c*d + 3*g, 3*g - a = -5*d + 4*g. What is the units digit of d?
1
Let z be (16/(-4) - -2)/(2/31). Let a = z - -54. Let m = 70 - a. What is the units digit of m?
7
What is the hundreds digit of (4 - -5840*1) + (-22 - -13)?
8
Suppose 14 = -5*t + 34, 2*t - 2174 = 3*q. Let s = q - -1156. What is the hundreds digit of s?
4
Let d(q) be the third derivative of q**6/20 + q**5/60 + 7*q**4/24 + 5*q**3/3 - 2*q**2 + 4. Let m be d(-4). What is the units digit of m/(-14) + (-123)/(-287)?
8
Let j(g) = 8*g**2 + 11*g + 15. What is the units digit of j(44)?
7
Suppose 0 = l - 65 - 4. Suppose 3*r + 3*b + 110 = 4*r, 0 = -4*b + 20. Let z = r - l. What is the tens digit of z?
5
Suppose -3*v - 4*h - 7 = 0, -4*h = -2*v - 1 - 17. Let z be (4 + v)/((-1)/3). Suppose -4*u + c = -678, 3*c - 2*c - 505 = -z*u. What is the tens digit of u?
6
Let w(c) = 22*c**2 + 70*c - 401. What is the tens digit of w(20)?
9
Let z be (-128)/(-4) + 4/4. Let v(d) = -4*d + 82. Let o be v(5). Let c = o - z. What is the units digit of c?
9
Suppose 26*m + 214 + 150 = 0. What is the units digit of m/63 - 19*512/(-36)?
0
Let b(h) = -449*h**3 + 4*h**2 + 58*h - 14. What is the hundreds digit of b(-4)?
5
Let y = 12785 - 247. What is the tens digit of y?
3
Let k be 4/10 + (-480)/(-50). Suppose 2*m + 32 = k*m. Suppose m*z - h - 63 = 0, -3*z - h = -62 + 20. What is the units digit of z?
5
Let a = -129 + 407. Let p = a + 17. What is the units digit of p?
5
Suppose -36*s + 53*s = 50524. What is the thousands digit of s?
2
What is the thousands digit of (725/2 + 1)/(-24*30/(-34560))?
7
Let w be ((-3)/6)/(5/20). Let j = w + 2. Suppose j = 5*p + 25 - 530. What is the hundreds digit of p?
1
Suppose -4*o + 144 - 96 = 0. Suppose -o*h = 30 + 18. What is the hundreds digit of 2 - (6 + 3) - h - -194?
1
What is the units digit of 9505/8 - (-304)/(-2432)?
8
Let c = 307 - 273. Let q = c + 76. What is the hundreds digit of q?
1
Suppose -g - 125*d + 120*d + 24103 = 0, 2*d = -3*g + 72257. What is the hundreds digit of g?
0
Suppose -49*k + 53*k = 5*p - 19840, 19840 = 5*p - 5*k. What is the thousands digit of p?
3
Suppose -4*n - 2529 + 377 = 0. Let l = n - -1212. What is the units digit of l?
4
Suppose 9*x - 199377 - 246672 = 0. What is the tens digit of x?
6
Let h(r) = 7*r + 49. Let b be h(-7). Suppose 38*o = 2*m + 33*o - 1255, b = 5*m + 5*o - 3085. What is the tens digit of m?
2
Let x be 6*(-1)/(-8) - 360/(-160). Suppose 5*n - 2*f = 2257, -88*n + 93*n - x*f - 2253 = 0. What is the hundreds digit of n?
4
What is the hundreds digit of 2/((-41)/(2670125/(-50)))?
6
Suppose -2*k + t + 51325 = 0, 549*k - 3*t + 76956 = 552*k. What is the ten thousands digit of k?
2
Let y(x) = 12*x**2 + 21*x + 355. What is the thousands digit of y(-12)?
1
Let a(j) = -110*j - 130. Let o be (-783)/58*(-2)/(-3). What is the units digit of a(o)?
0
Suppose -5*f + 132 = -4*x - 96, 171 = -3*x + 4*f. Suppose 135 = 27*o - 22*o. Let n = o - x. What is the units digit of n?
4
Suppose 6*n = -4*n - 1990. Let a = n + 386. What is the hundreds digit of a?
1
Let y(o) = o**3 + 2*o**2 + o + 1. Let t(q) = -11*q**3 - 16*q**2 + 5*q - 8. Let l(p) = -t(p) - 5*y(p). What is the units digit of l(4)?
3
Suppose 2*w - 762 = -4*s, -s = -17*w + 13*w - 204. Let z = s + -162. What is the units digit of z?
0
Let b = -74 + 1558. What is the hundreds digit of b?
4
What is the tens digit of 6942 - (5 - -17) - 1*2?
1
Suppose 385 = -3*w - 4*r, 0*w - 661 = 5*w - 3*r. Let q = -105 - w. What is the units digit of q?
6
Suppose 37 = f + 5*a, 0*f - 74 = -2*f + 2*a. Suppose 24*s = f*s - 8476. What is the units digit of s?
2
Suppose -23*u + 640446 = 99992. What is the hundreds digit of u?
4
Let s(t) = 92*t**2 + 70*t - 103. What is the hundreds digit of s(-10)?
3
Let h be 602/(-6) - (-4)/3. Let o be (-4)/(-22) - (-909)/h. Let a(l) = -l**2 - 12*l + 7. What is the units digit of a(o)?
4
Let o(r) = -r**2 - 11*r + 18. Let m be o(-12). Suppose -m*k = -k. Suppose k = 3*h + 12, -4*w = -6*h + h - 164. What is the tens digit of w?
3
Let n = -291 - -291. Suppose 5*i - 2*c - 4993 = n, 649 = 4*i + 4*c - 3323. What is the hundreds digit of i?
9
Let j(a) = a**3 + 10*a**2 + 4*a - 24. Let b be j(-10). Let n = 109 + b. Suppose -m = -3, 2*m = 5*f - n + 6. What is the units digit of f?
9
Suppose v - 3*x = -v + 1, x = -2*v + 13. Suppose -2*y + 4*y + 548 = 4*w, -686 = -v*w + 3*y. What is the hundreds digit of w?
1
Suppose 4*c - 36 = -20. Suppose -3*d + 0*d = -4*n + 997, -992 = -c*n + 4*d. What is the hundreds digit of n?
2
What is the units digit of (-12324)/(-2) + (13 - 1)?
4
Let d be (-8)/20*(-1280)/2. Let u = 31 + d. What is the hundreds digit of u?
2
Suppose -15*x + 17 = 17. Suppose 29*r - 13999 - 1052 = x. What is the hundreds digit of r?
5
Let c be 3 - (-3 - -4)*-384. Let i = -39 + c. What is the hundreds digit of i?
3
What is the ten thousands digit of (-7 - (-722758)/14) + (4 - 256/56)?
5
What is the units digit of 3*-2553*(-104)/39?
4
Let t be ((-44)/10)/(7/210*3). Let w be (t/(-8))/((-5)/10). Let n(i) = -3*i - 20. What is the tens digit of n(w)?
1
Let f(v) = v**2 + 7*v - 3. Let q(n) = n**3 - 2*n**2 - 5*n - 5. Let a be q(5). Suppose -8*x = -3*x - a. What is the units digit of f(x)?
1
Suppose 0 = -4*a + 5*z - 1361, 27*a = 24*a + 2*z - 1012. Let r = 560 + a. What is the tens digit of r?
2
Let v(a) = -6*a**2 + 9*a + 1. Let n be v(2). What is the units digit of (-454)/2*(n - -3)?
4
Suppose 4*r - 20 = 0, -c - 7 = -2*c + 4*r. Let s = c - 24. Suppose s*t - 91 = -4*t. What is the tens digit of t?
1
Suppose -401*k + 12880 = -394*k. Let q = k - 855. What is the tens digit of q?
8
Let r(s) = 4*s**2 - 5*s - 48. Let b = 210 - 219. What is the hundreds digit of r(b)?
3
Let i be (3 + -4)*3*-2. Let h be 18/i - 0/(-1). Suppose -3*f + f = 3*l - 204, -2*l + 296 = h*f. What is the units digit of f?
6
Suppose 6*u - 5*w = 3*u - 1278, 2*u + 4*w + 852 = 0. Let m = 610 + u. What is the tens digit of m?
8
Suppose -2*b + 1 = 39*k - 40*k, k = -b + 5. Suppose -k*o + 462 = 4*p - 211, 3*o = 4*p + 665. What is the units digit of o?
3
Let p(z) = z**2 - 70*z + 351. What is the tens digit of p(65)?
2
Let v = -13 + -3. Let a be ((-22)/5)/(v/200). Let x = 245 - a. What is the hundreds digit of x?
1
Let k(c) = -c**2 - 9*c - 4. Let j be k(-8). Suppose -120 = 4*a + m, 0 = -a - 5*m - 34 + j. Let f = a - -65. What is the units digit of f?
5
Suppose 5*r - 4*x - 40 = -2*x, 0 = -2*r + 2*x + 16. What is the tens digit of r/68 + ((-21752)/(-68) - -2)?
2
Suppose -3*c + 8 = -x, -2*x + 5*c = -0*x + 15. What is the units digit of (x/(25/4))/((-1)/810)?
8
Let n be (-2 + 3)*2 - -45. Suppose -5*o + 152 = 22. Let u = n + o. What is the units digit of u?
3
Let o = -17 + 28. Suppose -3*l - 2 = -o. What is the units digit of l - (-92 + (0 - 3))?
8
Let q = 2358 + 2125. What is the hundreds digit of q?
4
Let c be (120/(-1))/(-8 + (-232)/(-32)). Let j = c - -201. What is the units digit of j?
1
Suppose 5*j = 377 - 2. Let m be ((-240)/j)/(4/(-50)). What is the units digit of m/2*(-462)/(-105)?
8
Let a be (-8)/(-36) + (-104799450)/135. What is the thousands digit of 2*(-3)/(-8) - a/528?
1
Suppose 0 = -m - m. Suppose 0 = 14*n - 255 - 277. Suppose m = 3*i - n - 46. What is the tens digit of i?
2
Let f(b) = 6*b**2 - 3*b. Let y = -60 + 61. Let n be f(y). Suppose -4*s + 16 = 0, -s - n - 5 = -u. What is the tens digit of u?
1
Let n(d) = 68*d**2 - 40*d - 42. What is the hundreds digit of n(-8)?
6
Suppose 84*o - 426054 = 33*o. What is the units digit of o?
4
Suppose 2*k + 2*g - 17056 = 0, -27*k + 26*k + 5*g = -8516. Suppose 15*c = 36*c - k. What is the units digit of c?
6
Suppose 0*n - 3*n = -42. Suppose 0 = -2*d - 6*a + 2*a + n, 0 = -d + a + 19. What is the tens digit of 22/8*5/(d/228)?
0
Suppose 0 = -5*l + 2*p - 9, 3*l = p + 3 - 8. Let y be (0 - -1)/(24/20 + l). Suppose 4*f - 6*f = -2*b + 198, 0 = 3*b - y*f - 295. What is the units digit of b?
0
Suppose 108*v - 4237992 = -90*v. What is the ten thousands digit of v?
2
Let o(p) = -p**3 - 21*p**2 + 15*p + 133. What is the tens digit of o(-30)?
8
Let o(b) be the third derivative of 7*b**5/20 - b**4/6 - 2*b**3/3 + 21*b**2 - 2. What is the tens digit 